{"id":6994,"date":"2024-09-28T18:03:52","date_gmt":"2024-09-28T18:03:52","guid":{"rendered":"https:\/\/iebsps.com\/igreja\/?page_id=6994"},"modified":"2024-09-28T21:12:27","modified_gmt":"2024-09-28T21:12:27","slug":"pacto-baptista","status":"publish","type":"page","link":"https:\/\/iebsps.com\/igreja\/pacto-baptista\/","title":{"rendered":"Pacto Baptista"},"content":{"rendered":"<p><strong>PACTO DAS IGREJAS BAPTISTAS<\/strong><\/p>\n<p>Tendo sido levados, como cremos, pelo Esp\u00edrito de Deus, a aceitar o Senhor Jesus Cristo como nosso \u00fanico e suficiente Salvador e tendo sido batizados, sob profiss\u00e3o da nossa f\u00e9, em nome do Pai, do Filho e do Esp\u00edrito Santo, agora na presen\u00e7a de Deus, anjos e desta congrega\u00e7\u00e3o, muito solene e alegremente, entramos no seguinte pacto como um corpo em Cristo:<\/p>\n<p>Comprometemo-nos, com o aux\u00edlio do Esp\u00edrito Santo, a andar juntamente em amor crist\u00e3o; a trabalhar para o progresso desta Igreja no conhecimento, na santidade, no conforto e na espiritualidade; a sustentar os seus cultos, suas doutrinas, suas ordenan\u00e7as e sua disciplina; a contribuir liberal e regularmente para o sustento do minist\u00e9rio, para as despesas da Igreja, para o aux\u00edlio dos pobres e para a proclama\u00e7\u00e3o do Evangelho em todas as na\u00e7\u00f5es.<\/p>\n<p>Comprometemo-nos tamb\u00e9m, a manter um culto devocional particular e familiar, a educar religiosamente os nossos filhos, a procurar a salva\u00e7\u00e3o de todos, especialmente os nossos parentes, amigos e conhecidos; a ser corretos em nossas transa\u00e7\u00f5es, fi\u00e9is em nossos compromissos e exemplares em nossa conduta; a ser industriosos nos trabalhos seculares, a evitar a detra\u00e7\u00e3o, a difama\u00e7\u00e3o e a ira e a ser zelosos em nossos esfor\u00e7os para estender o reino do nosso Salvador.<\/p>\n<p>Al\u00e9m disso, comprometemo-nos a ter cuidado uns dos outros; a lembrarmo-nos uns dos outros nas ora\u00e7\u00f5es, a ajudar-nos uns aos outros nas enfermidades e nas necessidades; a cultivar rela\u00e7\u00f5es francas e a delicadeza no trato; a n\u00e3o sentir logo as ofensas, mas a estar prontos a perdo\u00e1-las; a buscar quando poss\u00edvel, a paz com todos os homens e a procurar pressurosamente conhecer e observar a vontade do nosso Salvador e Senhor.<\/p>\n<p>Finalmente, comprometemo-nos, quando sairmos deste lugar para outro, a unir-nos a outra Igreja da mesma f\u00e9 e ordem, em que possamos observar os princ\u00edpios da Palavra de Deus e o esp\u00edrito deste Pacto.<\/p>\n<p>O Senhor nos aben\u00e7oe e proteja para que sejamos fi\u00e9is e sinceros at\u00e1 \u00e0 morte. Am\u00e9n!<\/p>\n","protected":false},"excerpt":{"rendered":"<p>PACTO DAS IGREJAS BAPTISTAS Tendo sido levados, como cremos, pelo Esp\u00edrito de Deus, a aceitar o Senhor Jesus Cristo como nosso \u00fanico e suficiente Salvador e tendo sido batizados, sob profiss\u00e3o da nossa f\u00e9, em nome do Pai, do Filho e do Esp\u00edrito Santo, agora na presen\u00e7a de Deus, anjos e desta congrega\u00e7\u00e3o, muito solene &hellip; <\/p>\n<p class=\"link-more\"><a href=\"https:\/\/iebsps.com\/igreja\/pacto-baptista\/\" class=\"more-link\">Leia mais<span class=\"screen-reader-text\"> &#8220;Pacto Baptista&#8221;<\/span><\/a><\/p>\n","protected":false},"author":1,"featured_media":0,"parent":0,"menu_order":0,"comment_status":"closed","ping_status":"closed","template":"","meta":{"inspiro_hide_title":false,"footnotes":""},"class_list":["post-6994","page","type-page","status-publish","hentry"],"_links":{"self":[{"href":"https:\/\/iebsps.com\/igreja\/wp-json\/wp\/v2\/pages\/6994","targetHints":{"allow":["GET"]}}],"collection":[{"href":"https:\/\/iebsps.com\/igreja\/wp-json\/wp\/v2\/pages"}],"about":[{"href":"https:\/\/iebsps.com\/igreja\/wp-json\/wp\/v2\/types\/page"}],"author":[{"embeddable":true,"href":"https:\/\/iebsps.com\/igreja\/wp-json\/wp\/v2\/users\/1"}],"replies":[{"embeddable":true,"href":"https:\/\/iebsps.com\/igreja\/wp-json\/wp\/v2\/comments?post=6994"}],"version-history":[{"count":3,"href":"https:\/\/iebsps.com\/igreja\/wp-json\/wp\/v2\/pages\/6994\/revisions"}],"predecessor-version":[{"id":7022,"href":"https:\/\/iebsps.com\/igreja\/wp-json\/wp\/v2\/pages\/6994\/revisions\/7022"}],"wp:attachment":[{"href":"https:\/\/iebsps.com\/igreja\/wp-json\/wp\/v2\/media?parent=6994"}],"curies":[{"name":"wp","href":"https:\/\/api.w.org\/{rel}","templated":true}]}}

<p><strong>PACTO DAS IGREJAS BAPTISTAS</strong></p>
<p>Tendo sido levados, como cremos, pelo Espírito de Deus, a aceitar o Senhor Jesus Cristo como nosso único e suficiente Salvador e tendo sido batizados, sob profissão da nossa fé, em nome do Pai, do Filho e do Espírito Santo, agora na presença de Deus, anjos e desta congregação, muito solene e alegremente, entramos no seguinte pacto como um corpo em Cristo:</p>
<p>Comprometemo-nos, com o auxílio do Espírito Santo, a andar juntamente em amor cristão; a trabalhar para o progresso desta Igreja no conhecimento, na santidade, no conforto e na espiritualidade; a sustentar os seus cultos, suas doutrinas, suas ordenanças e sua disciplina; a contribuir liberal e regularmente para o sustento do ministério, para as despesas da Igreja, para o auxílio dos pobres e para a proclamação do Evangelho em todas as nações.</p>
<p>Comprometemo-nos também, a manter um culto devocional particular e familiar, a educar religiosamente os nossos filhos, a procurar a salvação de todos, especialmente os nossos parentes, amigos e conhecidos; a ser corretos em nossas transações, fiéis em nossos compromissos e exemplares em nossa conduta; a ser industriosos nos trabalhos seculares, a evitar a detração, a difamação e a ira e a ser zelosos em nossos esforços para estender o reino do nosso Salvador.</p>
<p>Além disso, comprometemo-nos a ter cuidado uns dos outros; a lembrarmo-nos uns dos outros nas orações, a ajudar-nos uns aos outros nas enfermidades e nas necessidades; a cultivar relações francas e a delicadeza no trato; a não sentir logo as ofensas, mas a estar prontos a perdoá-las; a buscar quando possível, a paz com todos os homens e a procurar pressurosamente conhecer e observar a vontade do nosso Salvador e Senhor.</p>
<p>Finalmente, comprometemo-nos, quando sairmos deste lugar para outro, a unir-nos a outra Igreja da mesma fé e ordem, em que possamos observar os princípios da Palavra de Deus e o espírito deste Pacto.</p>
<p>O Senhor nos abençoe e proteja para que sejamos fiéis e sinceros atá à morte. Amén!</p>

<p>PACTO DAS IGREJAS BAPTISTAS Tendo sido levados, como cremos, pelo Espírito de Deus, a aceitar o Senhor Jesus Cristo como nosso único e suficiente Salvador e tendo sido batizados, sob profissão da nossa fé, em nome do Pai, do Filho e do Espírito Santo, agora na presença de Deus, anjos e desta congregação, muito solene &hellip; </p>
<p class="link-more"><a href="https://iebsps.com/igreja/pacto-baptista/" class="more-link">Leia mais<span class="screen-reader-text"> &#8220;Pacto Baptista&#8221;</span></a></p>
