{"id":7055,"date":"2024-10-07T23:50:27","date_gmt":"2024-10-07T23:50:27","guid":{"rendered":"https:\/\/iebsps.com\/igreja\/?page_id=7055"},"modified":"2025-02-06T21:15:46","modified_gmt":"2025-02-06T21:15:46","slug":"pedidos-de-oracao","status":"publish","type":"page","link":"https:\/\/iebsps.com\/igreja\/pedidos-de-oracao\/","title":{"rendered":"Pedidos de Ora\u00e7\u00e3o"},"content":{"rendered":"<p style=\"text-align: center;\">Fa\u00e7a aqui o seu pedido para que a Igreja possa orar por voc\u00ea.<br \/>\n<iframe src=\"https:\/\/iebsps.com\/app\/oracao\/\" width=\"900\" height=\"500\" frameborder=\"no\" align=\"center\"><\/iframe><\/p>\n<h2 style=\"text-align: center;\"><strong>MURAL DE ORA\u00c7\u00d5ES<\/strong><\/h2>\n<p><button type=\"button\" onClick=\"window.location.reload()\">Atualizar!<\/button><br \/>\n<iframe src=\"https:\/\/iebsps.com\/app\/oracao\/exibir00.php\" width=\"900\" height=\"500\" frameborder=\"no\" align=\"center\"><\/iframe><\/p>\n","protected":false},"excerpt":{"rendered":"<p>Fa\u00e7a aqui o seu pedido para que a Igreja possa orar por voc\u00ea. MURAL DE ORA\u00c7\u00d5ES Atualizar!<\/p>\n","protected":false},"author":1,"featured_media":0,"parent":0,"menu_order":0,"comment_status":"closed","ping_status":"closed","template":"","meta":{"inspiro_hide_title":false,"footnotes":""},"class_list":["post-7055","page","type-page","status-publish","hentry"],"_links":{"self":[{"href":"https:\/\/iebsps.com\/igreja\/wp-json\/wp\/v2\/pages\/7055","targetHints":{"allow":["GET"]}}],"collection":[{"href":"https:\/\/iebsps.com\/igreja\/wp-json\/wp\/v2\/pages"}],"about":[{"href":"https:\/\/iebsps.com\/igreja\/wp-json\/wp\/v2\/types\/page"}],"author":[{"embeddable":true,"href":"https:\/\/iebsps.com\/igreja\/wp-json\/wp\/v2\/users\/1"}],"replies":[{"embeddable":true,"href":"https:\/\/iebsps.com\/igreja\/wp-json\/wp\/v2\/comments?post=7055"}],"version-history":[{"count":27,"href":"https:\/\/iebsps.com\/igreja\/wp-json\/wp\/v2\/pages\/7055\/revisions"}],"predecessor-version":[{"id":7744,"href":"https:\/\/iebsps.com\/igreja\/wp-json\/wp\/v2\/pages\/7055\/revisions\/7744"}],"wp:attachment":[{"href":"https:\/\/iebsps.com\/igreja\/wp-json\/wp\/v2\/media?parent=7055"}],"curies":[{"name":"wp","href":"https:\/\/api.w.org\/{rel}","templated":true}]}}

Pedidos de Oração

<p style="text-align: center;">Faça aqui o seu pedido para que a Igreja possa orar por você.<br />
<iframe src="https://iebsps.com/app/oracao/" width="900" height="500" frameborder="no" align="center"></iframe></p>
<h2 style="text-align: center;"><strong>MURAL DE ORAÇÕES</strong></h2>
<p><button type="button" onClick="window.location.reload()">Atualizar!</button><br />
<iframe src="https://iebsps.com/app/oracao/exibir00.php" width="900" height="500" frameborder="no" align="center"></iframe></p>

<p>Faça aqui o seu pedido para que a Igreja possa orar por você. MURAL DE ORAÇÕES Atualizar!</p>
